List the prime factors of c.
2, 7, 17, 103
Let q(v) = -4*v**2 - 1. Let k = -121 - -119. Let b(l) = 17*l**2 + l + 4. Let s(m) = k*b(m) - 9*q(m). What are the prime factors of s(-4)?
41
Suppose 0 = -4*w - v + 17598, -5*v = -6*w + 9625 + 16759. Suppose 2956 = 5*l - w. List the prime factors of l.
1471
Suppose 10*b = -764 - 196. What are the prime factors of (-9 + 15/3)*b?
2, 3
Let b be (224/(-2 - -6))/(-3 - -4). Let t = 61 - b. Suppose -q + 31 + 82 = t*u, 0 = -q + 5*u + 83. What are the prime factors of q?
2, 7
Let j be (-83542)/26 - (-12)/78. What are the prime factors of (-9 - -5 - j/6)*2?
1063
Suppose 248474 - 907113 = -96*j + 962129. List the prime factors of j.
16883
What are the prime factors of (-148)/(-2146) + 2/(-116)*-564974?
3, 17, 191
Let h be -2 + (-387)/6 - 1/2. List the prime factors of h/(-3) + 5*11/(-165).
2, 11
Let k(l) = -l**2 + 9*l + 8. Let v be k(7). Let j = 20 - v. Let p(s) = -107*s + 11. What are the prime factors of p(j)?
3, 5
Let c(p) be the second derivative of -p**5/20 - 17*p**3/6 - 21*p**2/2 - 3*p - 8. What are the prime factors of c(-6)?
3, 11
Let u = 122 + -117. Suppose 0 = -2*w - 0*w + 2, u*p + 5*w = 265. List the prime factors of p.
2, 13
Let g = 330 + -328. Suppose 3350 = 7*j - g*j + 3*l, -4*l = -20. List the prime factors of j.
23, 29
Suppose 5*c - 4 - 661 = 0. Let g = -97 + c. Suppose s = -i + 8, 5*s + 2*i = -2*i + g. List the prime factors of s.
2
Let q = -56 - -98. Let i = -35 + q. Suppose -5*h + i*h - 122 = 0. List the prime factors of h.
61
List the prime factors of ((-354)/(-8))/(13*1/364) - -1.
2, 5, 31
Suppose q + 6 = -2. Let n = 419 + -375. Let f = n + q. What are the prime factors of f?
2, 3
Let r be (-3)/(2 + (-46)/20). Suppose -r*l - 20 - 10 = 0. What are the prime factors of 1 + (-1228)/(-16) + l/(-12)?
2, 3, 13
Let z = 66 + -16. Let l = -57 + z. What are the prime factors of (-1485)/l - (-7)/(-49)?
2, 53
Let z = -21283 + 31392. What are the prime factors of z?
11, 919
Suppose -s = 6*s + s. Suppose -301 - 71 = -x. Suppose 4*b - 176 = -2*j, 0 = 4*j - s*j - 2*b - x. List the prime factors of j.
2, 23
Suppose 3*k = z + 2156, -5*z = -7*k + 2*k + 3580. Suppose 4*q - k = -q + 5*s, 16 = 4*s. What are the prime factors of q?
2, 37
Suppose 3*c + 5*x = -23, 4*c + 42 = -x - 0*x. Let t(r) = 18 + r - 8*r**2 + 12*r**2 - 3*r**2. What are the prime factors of t(c)?
2
Suppose 0*z - 942 = -2*h + 4*z, 936 = 2*h - z. What are the prime factors of -1*6 + (h - 11)?
2, 3, 5
Suppose -2*z - u = -1253, 4*z + 4*u - 1353 = 1151. Suppose 2*c = g - 848, -2*c + 2765 + z = 4*g. What are the prime factors of g?
2, 53
Suppose 15*k - 9503 = 78757. What are the prime factors of k?
2, 1471
Let w be ((-8)/6)/(12/(-18)). Suppose -w*m - 1448 = -7964. What are the prime factors of m/36 - (-3)/(-2)?
89
Let x(b) = 6*b - 523 + 102*b + 442. What are the prime factors of x(11)?
3, 41
Suppose -8*j - 8*j = 126297 - 1275017. List the prime factors of j.
5, 83, 173
List the prime factors of 216569/7 - (136/(-336) + (-5)/30).
3, 10313
Suppose 5*l - m + 402 = 0, 5*l - m = 9*l + 327. Let r = l - -105. Suppose 3*u + r = 165. What are the prime factors of u?
47
Suppose 73*d = 55*d + 18. Let l(u) = 230*u**3 - u**2 + 10*u - 10. What are the prime factors of l(d)?
229
Let a be 1100319/363 + (-2)/11. Suppose 3*m + 5*f - a = -1133, 3*m + f - 1906 = 0. What are the prime factors of m?
2, 3, 53
Let d(h) = h**3 + 8*h**2 - 5*h + 36. Let l be d(-9). Let a(t) = 16*t + 336. List the prime factors of a(l).
2, 3, 7
What are the prime factors of ((-18)/12 - 11/(-22))*-1982?
2, 991
Suppose 0 = 4*o - i + 96, -5*o + 5*i - 3*i - 123 = 0. Let c = 24 + o. What are the prime factors of (-19)/((3/(-9))/c)?
3, 19
Let c(r) = -r - 12. Let t be c(-15). Let h(k) = -73 - t*k + 96 + 4*k + 10*k. List the prime factors of h(7).
2, 5
Let d(k) = k**3 - k**2 - 6*k - 2. Let c be d(0). What are the prime factors of 639 + c*(-15)/6?
2, 7, 23
Let s(n) be the second derivative of -61*n**3/6 + 8*n**2 - 75*n. List the prime factors of s(-7).
443
Let p = -925 + 465. Let v = p - -1100. Suppose 2*f - 4*x = -2*f + v, -4*f + 5*x + 642 = 0. List the prime factors of f.
2, 79
Let q = 46875 + -30696. List the prime factors of q.
3, 5393
Let h = 5867 - 4495. What are the prime factors of h?
2, 7
Let f(p) = 3*p**3 - 5*p**2 + p - 2. Let r be f(2). Suppose 4*x + 2*u + 341 - 881 = 0, r*u + 564 = 4*x. List the prime factors of x.
137
Suppose 0 = 3*o + m + 701, -2*m + 1175 = -4*o + 227. Let j = 846 - o. List the prime factors of j.
23, 47
What are the prime factors of (936/130)/(3/115)?
2, 3, 23
Suppose -z + 2*j + 37899 = -12146, 100146 = 2*z + 4*j. List the prime factors of z.
113, 443
Let r = 167 - 165. Let s(m) = 104*m**2 - 7*m + 4. List the prime factors of s(r).
2, 7, 29
Suppose 3*w + f - 22887 = 0, -28*w = -33*w - 3*f + 38145. List the prime factors of w.
3, 2543
Let u(b) = 3921*b**2 - b. Let k be u(1). Suppose l - m - 796 = 4*m, -5*m + k = 5*l. Suppose z - l = -4*z - h, -5*z + 787 = 2*h. List the prime factors of z.
157
Suppose -5*p - 6*y = -5*y - 1943, -5*p = -3*y - 1931. Let s be ((-24)/(-6) + p)*4/(-2). Let g = -486 - s. List the prime factors of g.
2, 149
Let r(g) = 2*g. Let b be r(-1). What are the prime factors of b - (-812*1 + -5)?
5, 163
Let k(m) = m**3 - 6*m**2 + 3*m - 13. Let p be k(6). Suppose -6*b = 3*b + p*b. Suppose -6*t + 169 + 287 = b. List the prime factors of t.
2, 19
Let b(k) be the first derivative of k**3 + 9*k**2/2 - k - 14. Let h(i) = i + 1. Let c(m) = b(m) - 5*h(m). List the prime factors of c(-7).
113
Let p(o) = o**3 + 13*o**2 + 40*o + 12. Let b be p(-8). Suppose 15*k - b*k = 828. List the prime factors of k.
2, 3, 23
Let z = 8 - -16. Let w be (15/(-10))/((-9)/z). Suppose -16 = -w*i - 5*k + 533, 5*i - 677 = 3*k. What are the prime factors of i?
2, 17
Suppose 58*c = -7*c + 9994 + 113831. What are the prime factors of c?
3, 5, 127
Suppose 0 = d - 303 - 171. Let m = d + -284. List the prime factors of m.
2, 5, 19
Let w be (-5 + (-15)/(-4))/((-1)/4). Suppose -4*x - 360 = -w*d + 1615, -25 = -5*x. What are the prime factors of d?
3, 7, 19
Let n(t) = 996*t**3 + 3*t**2 - 4*t + 4. Let x be n(2). Suppose 0 = 778*z - 786*z + x. List the prime factors of z.
997
List the prime factors of (-4)/2 - (38 + (-1163220)/20).
7, 19, 23
Let z = -867 + 2400. List the prime factors of (z/(-28))/(-3)*(8 - 0).
2, 73
Let d = -193 - -197. What are the prime factors of (1 - d)*(250/(-6) - -1)?
2, 61
Suppose -20 = -28*c + 23*c. Let o be 88/c + 0 + -3. Suppose x + 6 = o. What are the prime factors of x?
13
Let t = 17865 - 4246. What are the prime factors of t?
13619
Let k be 6/12 - (-1)/(-2) - -2. Let g be -5*k/(-4) + (-2)/4. List the prime factors of 21 + 1 - (1 - g).
23
Suppose 11 = -6*l - 61. Let g be 235/(-2)*l/5. Let m = -93 + g. List the prime factors of m.
3, 7
Suppose 7*p + 227 = 234. Let z(u) be the second derivative of 109*u**4/12 + u**3/6 - 2*u. List the prime factors of z(p).
2, 5, 11
Suppose -2*h + 2*q + 12 = 0, 3*q = 2*h - 14 - 2. Suppose -b = -h*p - 546, b = 6*b + p - 2686. What are the prime factors of b?
2, 269
Let w be (-966)/(-63) + (-5)/(-3) + -1. Let s(n) = 3*n - 46. Let c be s(w). Suppose 4*u - 3*u - 3*k = 174, -4*k + 318 = c*u. List the prime factors of u.
3, 5, 11
Let t = -211 + 316. Let r be (-45)/t + 2/14*1459. Suppose -6*j + r + 62 = 0. What are the prime factors of j?
3, 5
Let t(r) = -2675*r + 1169. List the prime factors of t(-12).
17, 19, 103
Let r(x) be the first derivative of 7/2*x**2 + 17 + 1/4*x**4 - 4*x**3 + 9*x. What are the prime factors of r(12)?
3, 31
What are the prime factors of (-92184)/(-15) - (1 + (-14)/10)?
2, 7, 439
Suppose -20952 = 16*l - 161418 - 165630. What are the prime factors of l?
3, 7, 911
Let u = 3760 + 2395. List the prime factors of u.
5, 1231
Suppose -3*r - 19*j + 2635 = -15*j, 876 = r - j. List the prime factors of r.
877
Let g(n) = 8117*n**2 + 3*n + 1. What are the prime factors of g(1)?
3, 2707
Suppose -529815 = -56*p - 9*p. What are the prime factors of p?
3, 11, 13, 19
Suppose 134*g - 83888 = 106*g. List the prime factors of g.
2, 7, 107
Let j(m) = -m**2 + 7*m - 2. Let t be j(5). Suppose 3*o + 5*k = -t, -11 = -3*o + k + 5. Suppose -o*p + 6 + 14 = 0. What are the prime factors of p?
5
Suppose -20*f + 20 = -15*f. Suppose f*j + 2 = 5*j + 2*b, 4